{"id":330,"date":"2021-08-13T10:47:00","date_gmt":"2021-08-13T10:47:00","guid":{"rendered":"http:\/\/sosanovel.net\/?p=330"},"modified":"2025-03-14T18:38:07","modified_gmt":"2025-03-14T18:38:07","slug":"los-parientes-pobres","status":"publish","type":"page","link":"https:\/\/sosanovel.net\/?page_id=330","title":{"rendered":"Los Parientes Pobres &#8211;"},"content":{"rendered":"<p>&lt;!doctype html&gt;<\/p>\n<figure><video autoplay=\"autoplay\" controls=\"controls\" width=\"300\" height=\"150\" data-poster=\"https:\/\/lh3.googleusercontent.com\/-OgFLk5s54r4\/YM-iilG_g5I\/AAAAAAAAB7Q\/aw2-BBuJsz0AsSC51nBjrY7c_xTIioQwQCLcBGAsYHQ\/Los%2Bparientes%2Bpobrese.jpg\"><source src=\"\" type=\"video\/mp4\" \/><\/video><\/p>\n<div>\n<h2>Los parientes pobres Cap\u00edtulo 1<\/h2>\n<\/div><figcaption>\n<div><a href=\"https:\/\/sv3.sosanovel.com\/novela\/losparientespobres\/losparientespobres1.mp4\">Cap\u00edtulo 1<\/a><a href=\"https:\/\/sv3.sosanovel.com\/novela\/losparientespobres\/losparientespobres2.mp4\">Cap\u00edtulo 2<\/a><a href=\"https:\/\/sv3.sosanovel.com\/novela\/losparientespobres\/losparientespobres3.mp4\">Cap\u00edtulo 3<\/a><a href=\"https:\/\/sv3.sosanovel.com\/novela\/losparientespobres\/losparientespobres4.mp4\">Cap\u00edtulo 4<\/a><a href=\"https:\/\/sv3.sosanovel.com\/novela\/losparientespobres\/losparientespobres5.mp4\">Cap\u00edtulo 5<\/a><a href=\"https:\/\/sv3.sosanovel.com\/novela\/losparientespobres\/losparientespobres6.mp4\">Cap\u00edtulo 6<\/a><a href=\"https:\/\/sv3.sosanovel.com\/novela\/losparientespobres\/losparientespobres7.mp4\">Cap\u00edtulo 7<\/a><a href=\"https:\/\/sv3.sosanovel.com\/novela\/losparientespobres\/losparientespobres8.mp4\">Cap\u00edtulo 8<\/a><a href=\"https:\/\/sv3.sosanovel.com\/novela\/losparientespobres\/losparientespobres9.mp4\">Cap\u00edtulo 9<\/a><a href=\"https:\/\/sv3.sosanovel.com\/novela\/losparientespobres\/losparientespobres10.mp4\">Cap\u00edtulo 10<\/a><a href=\"https:\/\/sv3.sosanovel.com\/novela\/losparientespobres\/losparientespobres11.mp4\">Cap\u00edtulo 11<\/a><a href=\"https:\/\/sv3.sosanovel.com\/novela\/losparientespobres\/losparientespobres12.mp4\">Cap\u00edtulo 12<\/a><a href=\"https:\/\/sv3.sosanovel.com\/novela\/losparientespobres\/losparientespobres13.mp4\">Cap\u00edtulo 13<\/a><a href=\"https:\/\/sv3.sosanovel.com\/novela\/losparientespobres\/losparientespobres14.mp4\">Cap\u00edtulo 14<\/a><a href=\"https:\/\/sv3.sosanovel.com\/novela\/losparientespobres\/losparientespobres15.mp4\">Cap\u00edtulo 15<\/a><a href=\"https:\/\/sv3.sosanovel.com\/novela\/losparientespobres\/losparientespobres16.mp4\">Cap\u00edtulo 16<\/a><a href=\"https:\/\/sv3.sosanovel.com\/novela\/losparientespobres\/losparientespobres17.mp4\">Cap\u00edtulo 17<\/a><a href=\"https:\/\/sv3.sosanovel.com\/novela\/losparientespobres\/losparientespobres18.mp4\">Cap\u00edtulo 18<\/a><a href=\"https:\/\/sv3.sosanovel.com\/novela\/losparientespobres\/losparientespobres19.mp4\">Cap\u00edtulo 19<\/a><a href=\"https:\/\/sv3.sosanovel.com\/novela\/losparientespobres\/losparientespobres20.mp4\">Cap\u00edtulo 20<\/a><a href=\"https:\/\/sv3.sosanovel.com\/novela\/losparientespobres\/losparientespobres21.mp4\">Cap\u00edtulo 21<\/a><a href=\"https:\/\/sv3.sosanovel.com\/novela\/losparientespobres\/losparientespobres22.mp4\">Cap\u00edtulo 22<\/a><a href=\"https:\/\/sv3.sosanovel.com\/novela\/losparientespobres\/losparientespobres23.mp4\">Cap\u00edtulo 23<\/a><a href=\"https:\/\/sv3.sosanovel.com\/novela\/losparientespobres\/losparientespobres24.mp4\">Cap\u00edtulo 24<\/a><a href=\"https:\/\/sv3.sosanovel.com\/novela\/losparientespobres\/losparientespobres25.mp4\">Cap\u00edtulo 25<\/a><a href=\"https:\/\/sv3.sosanovel.com\/novela\/losparientespobres\/losparientespobres26.mp4\">Cap\u00edtulo 26<\/a><a href=\"https:\/\/sv3.sosanovel.com\/novela\/losparientespobres\/losparientespobres27.mp4\">Cap\u00edtulo 27<\/a><a href=\"https:\/\/sv3.sosanovel.com\/novela\/losparientespobres\/losparientespobres28.mp4\">Cap\u00edtulo 28<\/a><a href=\"https:\/\/sv3.sosanovel.com\/novela\/losparientespobres\/losparientespobres29.mp4\">Cap\u00edtulo 29<\/a><a href=\"https:\/\/sv3.sosanovel.com\/novela\/losparientespobres\/losparientespobres30.mp4\">Cap\u00edtulo 30<\/a><a href=\"https:\/\/sv3.sosanovel.com\/novela\/losparientespobres\/losparientespobres31.mp4\">Cap\u00edtulo 31<\/a><a href=\"https:\/\/sv3.sosanovel.com\/novela\/losparientespobres\/losparientespobres32.mp4\">Cap\u00edtulo 32<\/a><a href=\"https:\/\/sv3.sosanovel.com\/novela\/losparientespobres\/losparientespobres33.mp4\">Cap\u00edtulo 33<\/a><a href=\"https:\/\/sv3.sosanovel.com\/novela\/losparientespobres\/losparientespobres34.mp4\">Cap\u00edtulo 34<\/a><a href=\"https:\/\/sv3.sosanovel.com\/novela\/losparientespobres\/losparientespobres35.mp4\">Cap\u00edtulo 35<\/a><a href=\"https:\/\/sv3.sosanovel.com\/novela\/losparientespobres\/losparientespobres36.mp4\">Cap\u00edtulo 36<\/a><a href=\"https:\/\/sv3.sosanovel.com\/novela\/losparientespobres\/losparientespobres37.mp4\">Cap\u00edtulo 37<\/a><a href=\"https:\/\/sv3.sosanovel.com\/novela\/losparientespobres\/losparientespobres38.mp4\">Cap\u00edtulo 38<\/a><a href=\"https:\/\/sv3.sosanovel.com\/novela\/losparientespobres\/losparientespobres39.mp4\">Cap\u00edtulo 39<\/a><a href=\"https:\/\/sv3.sosanovel.com\/novela\/losparientespobres\/losparientespobres40.mp4\">Cap\u00edtulo 40<\/a><a href=\"https:\/\/sv3.sosanovel.com\/novela\/losparientespobres\/losparientespobres41.mp4\">Cap\u00edtulo 41<\/a><a href=\"https:\/\/sv3.sosanovel.com\/novela\/losparientespobres\/losparientespobres42.mp4\">Cap\u00edtulo 42<\/a><a href=\"https:\/\/sv3.sosanovel.com\/novela\/losparientespobres\/losparientespobres43.mp4\">Cap\u00edtulo 43<\/a><a href=\"https:\/\/sv3.sosanovel.com\/novela\/losparientespobres\/losparientespobres44.mp4\">Cap\u00edtulo 44<\/a><a href=\"https:\/\/sv3.sosanovel.com\/novela\/losparientespobres\/losparientespobres45.mp4\">Cap\u00edtulo 45<\/a><a href=\"https:\/\/sv3.sosanovel.com\/novela\/losparientespobres\/losparientespobres46.mp4\">Cap\u00edtulo 46<\/a><a href=\"https:\/\/sv3.sosanovel.com\/novela\/losparientespobres\/losparientespobres47.mp4\">Cap\u00edtulo 47<\/a><a href=\"https:\/\/sv3.sosanovel.com\/novela\/losparientespobres\/losparientespobres48.mp4\">Cap\u00edtulo 48<\/a><a href=\"https:\/\/sv3.sosanovel.com\/novela\/losparientespobres\/losparientespobres49.mp4\">Cap\u00edtulo 49<\/a><a href=\"https:\/\/sv3.sosanovel.com\/novela\/losparientespobres\/losparientespobres50.mp4\">Cap\u00edtulo 50<\/a><a href=\"https:\/\/sv3.sosanovel.com\/novela\/losparientespobres\/losparientespobres51.mp4\">Cap\u00edtulo 51<\/a><a href=\"https:\/\/sv3.sosanovel.com\/novela\/losparientespobres\/losparientespobres52.mp4\">Cap\u00edtulo 52<\/a><a href=\"https:\/\/sv3.sosanovel.com\/novela\/losparientespobres\/losparientespobres53.mp4\">Cap\u00edtulo 53<\/a><a href=\"https:\/\/sv3.sosanovel.com\/novela\/losparientespobres\/losparientespobres54.mp4\">Cap\u00edtulo 54<\/a><a href=\"https:\/\/sv3.sosanovel.com\/novela\/losparientespobres\/losparientespobres55.mp4\">Cap\u00edtulo 55<\/a><a href=\"https:\/\/sv3.sosanovel.com\/novela\/losparientespobres\/losparientespobres56.mp4\">Cap\u00edtulo 56<\/a><a href=\"https:\/\/sv3.sosanovel.com\/novela\/losparientespobres\/losparientespobres57.mp4\">Cap\u00edtulo 57<\/a><a href=\"https:\/\/sv3.sosanovel.com\/novela\/losparientespobres\/losparientespobres58.mp4\">Cap\u00edtulo 58<\/a><a href=\"https:\/\/sv3.sosanovel.com\/novela\/losparientespobres\/losparientespobres59.mp4\">Cap\u00edtulo 59<\/a><a href=\"https:\/\/sv3.sosanovel.com\/novela\/losparientespobres\/losparientespobres60.mp4\">Cap\u00edtulo 60<\/a><a href=\"https:\/\/sv3.sosanovel.com\/novela\/losparientespobres\/losparientespobres61.mp4\">Cap\u00edtulo 61<\/a><a href=\"https:\/\/sv3.sosanovel.com\/novela\/losparientespobres\/losparientespobres62.mp4\">Cap\u00edtulo 62<\/a><a href=\"https:\/\/sv3.sosanovel.com\/novela\/losparientespobres\/losparientespobres63.mp4\">Cap\u00edtulo 63<\/a><a href=\"https:\/\/sv3.sosanovel.com\/novela\/losparientespobres\/losparientespobres64.mp4\">Cap\u00edtulo 64<\/a><a href=\"https:\/\/sv3.sosanovel.com\/novela\/losparientespobres\/losparientespobres65.mp4\">Cap\u00edtulo 65<\/a><a href=\"https:\/\/sv3.sosanovel.com\/novela\/losparientespobres\/losparientespobres66.mp4\">Cap\u00edtulo 66<\/a><a href=\"https:\/\/sv3.sosanovel.com\/novela\/losparientespobres\/losparientespobres67.mp4\">Cap\u00edtulo 67<\/a><a href=\"https:\/\/sv3.sosanovel.com\/novela\/losparientespobres\/losparientespobres68.mp4\">Cap\u00edtulo 68<\/a><a href=\"https:\/\/sv3.sosanovel.com\/novela\/losparientespobres\/losparientespobres69.mp4\">Cap\u00edtulo 69<\/a><a href=\"https:\/\/sv3.sosanovel.com\/novela\/losparientespobres\/losparientespobres70.mp4\">Cap\u00edtulo 70<\/a><a href=\"https:\/\/sv3.sosanovel.com\/novela\/losparientespobres\/losparientespobres71.mp4\">Cap\u00edtulo 71<\/a><a href=\"https:\/\/sv3.sosanovel.com\/novela\/losparientespobres\/losparientespobres72.mp4\">Cap\u00edtulo 72<\/a><a href=\"https:\/\/sv3.sosanovel.com\/novela\/losparientespobres\/losparientespobres73.mp4\">Cap\u00edtulo 73<\/a><a href=\"https:\/\/sv3.sosanovel.com\/novela\/losparientespobres\/losparientespobres74.mp4\">Cap\u00edtulo 74<\/a><a href=\"https:\/\/sv3.sosanovel.com\/novela\/losparientespobres\/losparientespobres75.mp4\">Cap\u00edtulo 75 FIN<\/a><\/div>\n<\/figcaption><\/figure>\n","protected":false},"excerpt":{"rendered":"<p>&lt;!doctype html&gt; Los parientes pobres Cap\u00edtulo 1 Cap\u00edtulo 1Cap\u00edtulo 2Cap\u00edtulo 3Cap\u00edtulo 4Cap\u00edtulo 5Cap\u00edtulo 6Cap\u00edtulo 7Cap\u00edtulo 8Cap\u00edtulo 9Cap\u00edtulo 10Cap\u00edtulo 11Cap\u00edtulo 12Cap\u00edtulo 13Cap\u00edtulo 14Cap\u00edtulo 15Cap\u00edtulo 16Cap\u00edtulo 17Cap\u00edtulo 18Cap\u00edtulo 19Cap\u00edtulo 20Cap\u00edtulo 21Cap\u00edtulo 22Cap\u00edtulo 23Cap\u00edtulo 24Cap\u00edtulo 25Cap\u00edtulo 26Cap\u00edtulo 27Cap\u00edtulo 28Cap\u00edtulo 29Cap\u00edtulo 30Cap\u00edtulo 31Cap\u00edtulo 32Cap\u00edtulo 33Cap\u00edtulo 34Cap\u00edtulo 35Cap\u00edtulo 36Cap\u00edtulo 37Cap\u00edtulo 38Cap\u00edtulo 39Cap\u00edtulo 40Cap\u00edtulo 41Cap\u00edtulo 42Cap\u00edtulo 43Cap\u00edtulo 44Cap\u00edtulo 45Cap\u00edtulo 46Cap\u00edtulo 47Cap\u00edtulo [&hellip;]<\/p>\n","protected":false},"author":1,"featured_media":0,"parent":0,"menu_order":0,"comment_status":"open","ping_status":"open","template":"page-iframe.php","meta":{"_acf_changed":false,"footnotes":""},"class_list":["post-330","page","type-page","status-publish","hentry"],"acf":[],"_links":{"self":[{"href":"https:\/\/sosanovel.net\/index.php?rest_route=\/wp\/v2\/pages\/330","targetHints":{"allow":["GET"]}}],"collection":[{"href":"https:\/\/sosanovel.net\/index.php?rest_route=\/wp\/v2\/pages"}],"about":[{"href":"https:\/\/sosanovel.net\/index.php?rest_route=\/wp\/v2\/types\/page"}],"author":[{"embeddable":true,"href":"https:\/\/sosanovel.net\/index.php?rest_route=\/wp\/v2\/users\/1"}],"replies":[{"embeddable":true,"href":"https:\/\/sosanovel.net\/index.php?rest_route=%2Fwp%2Fv2%2Fcomments&post=330"}],"version-history":[{"count":5,"href":"https:\/\/sosanovel.net\/index.php?rest_route=\/wp\/v2\/pages\/330\/revisions"}],"predecessor-version":[{"id":11371,"href":"https:\/\/sosanovel.net\/index.php?rest_route=\/wp\/v2\/pages\/330\/revisions\/11371"}],"wp:attachment":[{"href":"https:\/\/sosanovel.net\/index.php?rest_route=%2Fwp%2Fv2%2Fmedia&parent=330"}],"curies":[{"name":"wp","href":"https:\/\/api.w.org\/{rel}","templated":true}]}}